
What is the greatest common factor of 943 and 7026293?
943
What is the highest common divisor of 6032 and 695536?
464
What is the greatest common factor of 24814 and 5877?
653
What is the highest common factor of 287 and 352723?
287
What is the highest common divisor of 1544471 and 2022?
337
What is the greatest common divisor of 850 and 17900?
50
Calculate the highest common factor of 2088 and 2568.
24
Calculate the highest common factor of 314775 and 9.
9
What is the greatest common divisor of 1338 and 6078?
6
Calculate the greatest common factor of 14 and 1151535.
7
What is the greatest common divisor of 749442 and 3?
3
What is the highest common divisor of 27055 and 4060?
35
What is the greatest common divisor of 400 and 7650?
50
What is the highest common factor of 63224 and 56?
56
Calculate the greatest common divisor of 353260 and 85.
85
Calculate the highest common factor of 550012 and 95.
19
What is the greatest common divisor of 6372 and 28143?
531
What is the greatest common divisor of 1211 and 10553?
173
Calculate the highest common factor of 319664 and 16.
16
What is the greatest common divisor of 11820 and 3492?
12
What is the highest common factor of 102 and 768?
6
Calculate the highest common divisor of 128 and 255616.
128
What is the highest common factor of 46704 and 4872?
168
Calculate the greatest common factor of 85 and 262055.
85
Calculate the greatest common factor of 1288 and 23786.
14
Calculate the highest common divisor of 768 and 8544.
96
What is the highest common factor of 12116 and 442?
26
What is the greatest common factor of 6775104 and 192?
192
Calculate the highest common factor of 7511 and 30653.
203
Calculate the highest common divisor of 550 and 229075.
275
What is the greatest common factor of 83796 and 12?
12
Calculate the highest common divisor of 352614 and 1122.
102
Calculate the highest common factor of 93347 and 152.
19
Calculate the greatest common factor of 2405 and 39.
13
What is the highest common divisor of 4499 and 33?
11
What is the greatest common divisor of 5856 and 4999072?
1952
Calculate the greatest common factor of 7119 and 231876.
1017
Calculate the greatest common divisor of 37881 and 3933.
207
Calculate the highest common factor of 2560 and 23720.
40
Calculate the highest common factor of 62854 and 1166.
22
What is the greatest common factor of 595511 and 723?
241
What is the highest common factor of 383880 and 11130?
210
Calculate the greatest common factor of 110 and 128585.
5
What is the greatest common divisor of 1505 and 15265?
215
What is the highest common factor of 3546 and 64419?
591
Calculate the greatest common divisor of 184 and 1509812.
92
What is the highest common divisor of 10690 and 1820?
10
What is the highest common divisor of 11931 and 4947?
291
What is the highest common factor of 248811 and 31575?
1263
Calculate the highest common factor of 22 and 269764.
22
Calculate the highest common factor of 47508 and 1332.
444
What is the greatest common divisor of 72078 and 5567?
293
Calculate the highest common factor of 5286 and 1182.
6
Calculate the highest common divisor of 800 and 73960.
40
Calculate the highest common factor of 3 and 102651.
3
What is the highest common factor of 2923 and 27413?
79
Calculate the highest common divisor of 23065 and 224.
7
Calculate the highest common divisor of 270 and 40998.
6
Calculate the greatest common factor of 154400 and 64.
32
Calculate the greatest common factor of 52 and 7108.
4
Calculate the greatest common factor of 5757966 and 162.
162
Calculate the highest common factor of 558798 and 6.
6
What is the greatest common divisor of 2277 and 24426?
207
What is the highest common divisor of 608396 and 4?
4
What is the greatest common factor of 3011580 and 44?
44
Calculate the highest common divisor of 1728 and 2466.
18
Calculate the greatest common factor of 72 and 3360.
24
What is the highest common factor of 1199484 and 858?
858
What is the highest common factor of 243 and 216?
27
Calculate the highest common factor of 123 and 1681.
41
What is the greatest common divisor of 2795 and 5135?
65
Calculate the greatest common divisor of 1795905 and 318.
159
Calculate the highest common factor of 192 and 30784.
64
What is the highest common divisor of 24605 and 777?
259
Calculate the highest common divisor of 99 and 17532.
9
Calculate the highest common divisor of 2059788 and 17.
17
Calculate the highest common divisor of 391088 and 16.
16
Calculate the greatest common factor of 26656 and 179536.
784
Calculate the highest common factor of 625 and 1266250.
625
Calculate the highest common factor of 1757740 and 40.
20
Calculate the highest common divisor of 202 and 601354.
202
What is the highest common divisor of 11298 and 24486?
42
Calculate the highest common divisor of 15741 and 2915.
583
What is the greatest common factor of 40 and 33185?
5
What is the greatest common factor of 64 and 7330?
2
Calculate the highest common divisor of 174212 and 388.
388
Calculate the highest common factor of 375 and 12625.
125
Calculate the highest common divisor of 2706 and 209.
11
What is the greatest common factor of 3721568 and 1216?
608
What is the greatest common factor of 119 and 62237?
119
Calculate the greatest common factor of 62192 and 1058.
46
What is the greatest common factor of 78 and 89687?
13
What is the highest common divisor of 150 and 19335?
15
What is the greatest common divisor of 235 and 53?
1
What is the greatest common factor of 32302 and 4689?
521
Calculate the greatest common factor of 10062 and 32838.
78
Calculate the highest common factor of 5 and 244285.
5
What is the highest common factor of 54 and 6606?
18
What is the greatest common factor of 40 and 29608?
8
What is the greatest common factor of 132559 and 406?
203
Calculate the highest common divisor of 8 and 435368.
8
What is the greatest common factor of 777 and 1073?
37
Calculate the highest common divisor of 3824 and 717.
239
Calculate the greatest common divisor of 14 and 712082.
14
Calculate the highest common divisor of 48057 and 664.
83
What is the highest common factor of 3300 and 405075?
825
What is the highest common divisor of 613821 and 26?
13
What is the highest common factor of 27 and 266607?
9
Calculate the highest common divisor of 4400 and 8976.
176
Calculate the greatest common divisor of 8514 and 1152.
18
What is the highest common divisor of 702507 and 39?
39
Calculate the highest common factor of 145891 and 592.
37
What is the highest common divisor of 44144 and 16957?
31
What is the greatest common factor of 408935 and 2312?
289
What is the highest common divisor of 59049 and 45?
9
What is the highest common factor of 348288 and 1152?
384
Calculate the greatest common divisor of 246 and 3918.
6
What is the highest common divisor of 17 and 1373209?
17
Calculate the highest common factor of 2626 and 128024.
26
What is the greatest common divisor of 9656 and 284568?
568
Calculate the greatest common factor of 392562 and 27.
9
What is the greatest common divisor of 10 and 79374?
2
What is the greatest common divisor of 15 and 5709?
3
What is the highest common divisor of 203 and 9342872?
203
Calculate the greatest common factor of 743361 and 447.
447
What is the greatest common factor of 58366 and 4?
2
Calculate the greatest common factor of 16 and 161496.
8
Calculate the highest common factor of 12 and 46164.
12
Calculate the greatest common factor of 160874 and 84.
14
Calculate the highest common divisor of 2424 and 72.
24
What is the highest common factor of 1392 and 22992?
48
Calculate the greatest common factor of 52 and 82771.
13
What is the highest common divisor of 6903 and 1889829?
531
Calculate the greatest common divisor of 324 and 251964.
108
What is the greatest common divisor of 1169 and 3003?
7
What is the greatest common divisor of 1296 and 102240?
144
What is the greatest common factor of 15853 and 4775?
191
What is the greatest common factor of 4 and 2778?
2
What is the greatest common divisor of 116496 and 16?
16
What is the highest common factor of 122528 and 112?
112
What is the highest common divisor of 44 and 21395?
11
What is the highest common divisor of 19292 and 567?
7
Calculate the greatest common factor of 538 